{"id":512,"date":"2014-06-18T16:36:27","date_gmt":"2014-06-18T16:36:27","guid":{"rendered":"http:\/\/entencup.de\/?page_id=512"},"modified":"2014-06-23T17:04:20","modified_gmt":"2014-06-23T17:04:20","slug":"gewinne-2014","status":"publish","type":"page","link":"https:\/\/entencup.de\/?page_id=512","title":{"rendered":"Gewinne 2014"},"content":{"rendered":"<h3>150 attraktive Preise\u00a0warten auf Ihre Rennenten<\/h3>\n<table width=\"100%\" border=\"0\">\n<tr>\n<td width=\"16%\" align=\"center\">1. <\/td>\n<td width=\"84%\">St\u00e4dtereise in eine europ\u00e4ische Metropole Ihrer Wahl f\u00fcr 2 Personen von Reiseland.de<\/td>\n<\/tr>\n<tr>\n<td align=\"center\">2.  <\/td>\n<td>Gartenm\u00f6belset von Floriansglueck.de<\/td>\n<\/tr>\n<tr>\n<td align=\"center\">3.  <\/td>\n<td>St\u00e4dtereise nach Wien f\u00fcr 2 Personen inkl. Flug ab und bis N\u00fcrnberg mit 2 \u00dcbernachtungen im 4 Sterne Hotel von Reiseland.de<\/td>\n<\/tr>\n<tr>\n<td align=\"center\">4.  <\/td>\n<td>Hochdruckreinigerset von K\u00e4rcher<\/td>\n<\/tr>\n<tr>\n<td align=\"center\">5. und 6.  <\/td>\n<td>ein Wochenende unterwegs mit Cabrios der Feser Graf Gruppe<br \/>\n    (Freitagmittag \u2013 Montagmittag, 500 km frei)<\/td>\n<\/tr>\n<tr>\n<td align=\"center\">7. <\/td>\n<td>Gutschein ein Wochenende 4er Cabrio von BMW Zentrum N\u00fcrnberg<\/td>\n<\/tr>\n<tr>\n<td align=\"center\">8. <\/td>\n<td>Gutschein ein Wochenende ein Motorrad vom BMW Motorrad Zentrum N\u00fcrnberg<\/td>\n<\/tr>\n<tr>\n<td align=\"center\">9. und 10. <\/td>\n<td> &quot;Der Eichhorn&quot; Goldschmiedemeister<\/td>\n<\/tr>\n<tr>\n<td align=\"center\">11.  <\/td>\n<td>4 Gang \u00dcberraschungsmen\u00fc inkl. aller Getr\u00e4nke f\u00fcr zwei mit \u00dcbernachtung und Fr\u00fchst\u00fcck von Romantikhotel Rottner<\/td>\n<\/tr>\n<tr>\n<td align=\"center\">12. <\/td>\n<td>Hotel Le Meridien Grand Hotel Schlemmer- Buffet f\u00fcr zwei in der Brasserie<\/td>\n<\/tr>\n<tr>\n<td align=\"center\">13. &#8211; 15. <\/td>\n<td>Tafelhalle: Klassik-Abo f\u00fcr jeweils 2 Personen<\/td>\n<\/tr>\n<tr>\n<td align=\"center\">16. und 17. <\/td>\n<td> Ice-Tigers: Eintrittskarten f\u00fcr 4 Personen<\/td>\n<\/tr>\n<tr>\n<td align=\"center\">18. &#8211; 27. <\/td>\n<td>Einkaufsgutschein \u00fcber 100 Euro von Thomas Sabo<\/td>\n<\/tr>\n<tr>\n<td align=\"center\">28. &#8211; 32. <\/td>\n<td>VGN: MobiCard Gesamtraum ab 9 Uhr<\/td>\n<\/tr>\n<tr>\n<td align=\"center\">33. <\/td>\n<td>Essen f\u00fcr 2 Personen Hotel Schindlerhof<\/td>\n<\/tr>\n<tr>\n<td align=\"center\">34. &#8211; 36. <\/td>\n<td>Taschen der Firma Longchap<\/td>\n<\/tr>\n<tr>\n<td align=\"center\">37. &#8211; 47. <\/td>\n<td>Eintrittskarten f\u00fcr 2 Personen Kleinkunstb\u00fchne Bammes<\/td>\n<\/tr>\n<tr>\n<td align=\"center\">48. &#8211; 52. <\/td>\n<td>Familienkarte Tiergarten N\u00fcrnberg <\/td>\n<\/tr>\n<tr>\n<td align=\"center\">53. &#8211; 57. <\/td>\n<td>S\u00fcddeutscher Schaustellerverband: Volksfest Jahreskrug mit Gutscheinen<\/td>\n<\/tr>\n<tr>\n<td align=\"center\">58. und 59. <\/td>\n<td>Kinderhelm der Firma UVEX<\/td>\n<\/tr>\n<tr>\n<td align=\"center\">60. &#8211; 61. <\/td>\n<td>Uvex Sportbrille<\/td>\n<\/tr>\n<tr>\n<td align=\"center\">62. &#8211; 81. <\/td>\n<td>Funkhelikopter der Firma Silverlit<\/td>\n<\/tr>\n<tr>\n<td align=\"center\">82. &#8211; 106. <\/td>\n<td>Familientageskarte VGN Gesamtgebiet mit Wanderf\u00fchrer<\/td>\n<\/tr>\n<tr>\n<td align=\"center\">\n<p>107. &#8211; 110.<\/p>\n<\/td>\n<td>Fr\u00fchst\u00fcck an der Delphinlagune im Tiergarten N\u00fcrnberg von Bistro lagunenblick.de<\/td>\n<\/tr>\n<tr>\n<td align=\"center\">111. &#8211; 130.<\/td>\n<td>Planetarium N\u00fcrnberg: Familien Tageskarte<\/td>\n<\/tr>\n<tr>\n<td align=\"center\">131. &#8211; 150.<\/td>\n<td> Memorium \/ Dokuzentrum: Familieneintrittskarten <\/td>\n<\/tr>\n<\/table>\n<p>Alle Angaben ohne Gew\u00e4hr, letzte Aktualisierung: 23. Juni 2014<br \/>\nVer\u00f6ffentlichung der Gewinnernummern am Renntag ab ca 17 Uhr<\/p>\n<p>\u00a0<\/p>\n","protected":false},"excerpt":{"rendered":"<p>150 attraktive Preise\u00a0warten auf Ihre Rennenten 1. St\u00e4dtereise in eine europ\u00e4ische Metropole Ihrer Wahl f\u00fcr 2 Personen von Reiseland.de 2. Gartenm\u00f6belset von Floriansglueck.de 3. St\u00e4dtereise nach Wien f\u00fcr 2 Personen inkl. Flug ab und bis N\u00fcrnberg mit 2 \u00dcbernachtungen im 4 Sterne Hotel von Reiseland.de 4. Hochdruckreinigerset von K\u00e4rcher 5. und 6. ein Wochenende unterwegs [&hellip;]<\/p>\n","protected":false},"author":1,"featured_media":0,"parent":0,"menu_order":0,"comment_status":"closed","ping_status":"closed","template":"","meta":[],"_links":{"self":[{"href":"https:\/\/entencup.de\/index.php?rest_route=\/wp\/v2\/pages\/512"}],"collection":[{"href":"https:\/\/entencup.de\/index.php?rest_route=\/wp\/v2\/pages"}],"about":[{"href":"https:\/\/entencup.de\/index.php?rest_route=\/wp\/v2\/types\/page"}],"author":[{"embeddable":true,"href":"https:\/\/entencup.de\/index.php?rest_route=\/wp\/v2\/users\/1"}],"replies":[{"embeddable":true,"href":"https:\/\/entencup.de\/index.php?rest_route=%2Fwp%2Fv2%2Fcomments&post=512"}],"version-history":[{"count":20,"href":"https:\/\/entencup.de\/index.php?rest_route=\/wp\/v2\/pages\/512\/revisions"}],"predecessor-version":[{"id":535,"href":"https:\/\/entencup.de\/index.php?rest_route=\/wp\/v2\/pages\/512\/revisions\/535"}],"wp:attachment":[{"href":"https:\/\/entencup.de\/index.php?rest_route=%2Fwp%2Fv2%2Fmedia&parent=512"}],"curies":[{"name":"wp","href":"https:\/\/api.w.org\/{rel}","templated":true}]}}