{"id":2057,"date":"2019-07-06T18:07:07","date_gmt":"2019-07-06T16:07:07","guid":{"rendered":"https:\/\/entencup.de\/?page_id=2057"},"modified":"2019-07-08T18:00:53","modified_gmt":"2019-07-08T16:00:53","slug":"gewinner-2019","status":"publish","type":"page","link":"https:\/\/entencup.de\/?page_id=2057","title":{"rendered":"Gewinner 2019"},"content":{"rendered":"\n<p>Der 9. N\u00fcrnberger Entencup ist beendet, die Gewinner stehen fest:<\/p>\n\n\n\n<table class=\"wp-block-table\"><tbody><tr><td>Platznummer:<\/td><td>Preis<\/td><td>Adoptionsscheinnummer<\/td><\/tr><tr><td>1<\/td><td>Rundflug \u00fcber N\u00fcrnberg f\u00fcr 2 Personen,&nbsp;&nbsp; Pittroff GmbH &amp; Co. KG<\/td><td>3332<\/td><\/tr><tr><td>2<\/td><td>K\u00e4rcher Hochdruckreiniger Premium mit&nbsp;&nbsp; Zubeh\u00f6r&nbsp; ERNST M\u00dcLLER GMBH<\/td><td>647<\/td><\/tr><tr><td>3<\/td><td>ein Wochenende Audi Cabrio fahren, Feser&nbsp;&nbsp; Graf Gruppe<\/td><td>942<\/td><\/tr><tr><td>4<\/td><td>Damenhandtasche von Longchamp<\/td><td>1633<\/td><\/tr><tr><td>5<\/td><td>Sixt Gutschein ein Wochenende Sportwagen<\/td><td>2893<\/td><\/tr><tr><td>6<\/td><td>exklusives Dekoelement von DESIGNFUNKTION<\/td><td>727<\/td><\/tr><tr><td>7<\/td><td>Kosmetikbehandlung der Mohren&nbsp;&nbsp; Apotheke<\/td><td>2269<\/td><\/tr><tr><td>8<\/td><td>Gutschein \u00fcber 100\u20ac von Thomas Sabo<\/td><td>2119<\/td><\/tr><tr><td>9<\/td><td>Rundflug \u00fcber N\u00fcrnberg f\u00fcr 2 Personen,&nbsp;&nbsp; Pittroff GmbH &amp; Co. KG<\/td><td>864<\/td><\/tr><tr><td>10<\/td><td>Silberbarren mit N\u00fcrnberg Motiv von&nbsp;&nbsp; Degussa<\/td><td>193<\/td><\/tr><tr><td>11<\/td><td>Golf Schnupperkurs Golfclub Abenberg<\/td><td>1489<\/td><\/tr><tr><td>12<\/td><td>Edle B\u00fcro Filztaschen von M&amp;K Filze<\/td><td>2166<\/td><\/tr><tr><td>13<\/td><td>Edle B\u00fcro Filztaschen von M&amp;K Filze<\/td><td>2779<\/td><\/tr><tr><td>14<\/td><td>Edle B\u00fcro Filztaschen von M&amp;K Filze<\/td><td>2254<\/td><\/tr><tr><td>15<\/td><td>Edle B\u00fcro Filztaschen von M&amp;K Filze<\/td><td>1984<\/td><\/tr><tr><td>16<\/td><td>K\u00e4rcher Akku Fenstersauger WV2 Premium&nbsp;&nbsp; plus Jubil\u00e4ums Edition mit Zubeh\u00f6r ERNST M\u00dcLLER GMBH<\/td><td>2563<\/td><\/tr><tr><td>17<\/td><td>K\u00e4rcher Akku Fenstersauger WV2 Premium&nbsp;&nbsp; plus Jubil\u00e4ums Edition mit Zubeh\u00f6r ERNST M\u00dcLLER GMBH<\/td><td>2392<\/td><\/tr><tr><td>18<\/td><td>K\u00e4rcher Akku Fenstersauger WV2 Premium&nbsp;&nbsp; plus Jubil\u00e4ums Edition mit Zubeh\u00f6r ERNST M\u00dcLLER GMBH<\/td><td>2310<\/td><\/tr><tr><td>19<\/td><td>K\u00e4rcher Akku Fenstersauger WV2 Premium&nbsp;&nbsp; plus Jubil\u00e4ums Edition mit Zubeh\u00f6r ERNST M\u00dcLLER GMBH<\/td><td>619<\/td><\/tr><tr><td>20<\/td><td>K\u00e4rcher Akku Fenstersauger WV2 Premium&nbsp;&nbsp; plus Jubil\u00e4ums Edition mit Zubeh\u00f6r ERNST M\u00dcLLER GMBH<\/td><td>2954<\/td><\/tr><tr><td>21<\/td><td>K\u00e4rcher Hartbodenreiniger FC5 Premium mit&nbsp;&nbsp; Zubeh\u00f6r ERNST M\u00dcLLER GMBH<\/td><td>546<\/td><\/tr><tr><td>22<\/td><td>Damenhandtasche von Longchamp<\/td><td>3431<\/td><\/tr><tr><td>23<\/td><td>Leuchtelement von DESIGNFUNKTION<\/td><td>1243<\/td><\/tr><tr><td>24<\/td><td>Modellhubschrauber fernsteuerbar von&nbsp;&nbsp; Starkid<\/td><td>324<\/td><\/tr><tr><td>25<\/td><td>Modellhubschrauber fernsteuerbar von&nbsp;&nbsp; Starkid<\/td><td>2864<\/td><\/tr><tr><td>26<\/td><td>Bummelpass im Jahreskrug N\u00fcrnberger&nbsp;&nbsp; Volksfest<\/td><td>1245<\/td><\/tr><tr><td>27<\/td><td>Bummelpass im Jahreskrug N\u00fcrnberger&nbsp;&nbsp; Volksfest<\/td><td>2796<\/td><\/tr><tr><td>28<\/td><td>Bummelpass im Jahreskrug N\u00fcrnberger&nbsp;&nbsp; Volksfest<\/td><td>1535<\/td><\/tr><tr><td>29<\/td><td>Silberbarren mit N\u00fcrnberg Motiv von&nbsp;&nbsp; Degussa<\/td><td>2509<\/td><\/tr><tr><td>30<\/td><td>Fr\u00fchst\u00fccksgutschein der Confiserie Neef<\/td><td>818<\/td><\/tr><tr><td>31<\/td><td>Fr\u00fchst\u00fccksgutschein der Confiserie Neef<\/td><td>15<\/td><\/tr><tr><td>32<\/td><td>Fr\u00fchst\u00fccksgutschein der Confiserie Neef<\/td><td>937<\/td><\/tr><tr><td>33<\/td><td>Fr\u00fchst\u00fccksgutschein der Confiserie Neef<\/td><td>2789<\/td><\/tr><tr><td>34<\/td><td>Fr\u00fchst\u00fccksgutschein der Confiserie Neef<\/td><td>1349<\/td><\/tr><tr><td>35<\/td><td>Fr\u00fchst\u00fccksgutschein der Confiserie Neef<\/td><td>178<\/td><\/tr><tr><td>36<\/td><td>Fr\u00fchst\u00fccksgutschein der Confiserie Neef<\/td><td>370<\/td><\/tr><tr><td>37<\/td><td>Fr\u00fchst\u00fccksgutschein der Confiserie Neef<\/td><td>293<\/td><\/tr><tr><td>38<\/td><td>Fr\u00fchst\u00fccksgutschein der Confiserie Neef<\/td><td>407<\/td><\/tr><tr><td>39<\/td><td>Fr\u00fchst\u00fccksgutschein der Confiserie Neef<\/td><td>1365<\/td><\/tr><tr><td>40<\/td><td>Kosmetikbehandlung der Mohren&nbsp;&nbsp; Apotheke<\/td><td>356<\/td><\/tr><tr><td>41<\/td><td>Kosmetikbehandlung der Mohren&nbsp;&nbsp; Apotheke<\/td><td>2067<\/td><\/tr><tr><td>42<\/td><td>EM Fu\u00dfb\u00e4lle von Adidas<\/td><td>463<\/td><\/tr><tr><td>43<\/td><td>EM Fu\u00dfb\u00e4lle von Adidas<\/td><td>2436<\/td><\/tr><tr><td>44<\/td><td>EM Fu\u00dfb\u00e4lle von Adidas<\/td><td>1628<\/td><\/tr><tr><td>45<\/td><td>EM Fu\u00dfb\u00e4lle von Adidas<\/td><td>1393<\/td><\/tr><tr><td>46<\/td><td>EM Fu\u00dfb\u00e4lle von Adidas<\/td><td>1524<\/td><\/tr><tr><td>47<\/td><td>EM Fu\u00dfb\u00e4lle von Adidas<\/td><td>2943<\/td><\/tr><tr><td>48<\/td><td>Lava W\u00e4rmekissen PHYSIOTHERM<\/td><td>2371<\/td><\/tr><tr><td>49<\/td><td>Lava W\u00e4rmekissen PHYSIOTHERM<\/td><td>1481<\/td><\/tr><tr><td>50<\/td><td>Lava W\u00e4rmekissen PHYSIOTHERM<\/td><td>1538<\/td><\/tr><tr><td>51<\/td><td>Lava W\u00e4rmekissen PHYSIOTHERM<\/td><td>658<\/td><\/tr><tr><td>52<\/td><td>Lava W\u00e4rmekissen PHYSIOTHERM<\/td><td>2489<\/td><\/tr><tr><td>53<\/td><td>Lava W\u00e4rmekissen PHYSIOTHERM<\/td><td>1819<\/td><\/tr><tr><td>54<\/td><td>Ministeck Puzzle<\/td><td>1238<\/td><\/tr><tr><td>55<\/td><td>Ministeck Puzzle<\/td><td>2038<\/td><\/tr><tr><td>56<\/td><td>Ministeck Puzzle<\/td><td>1340<\/td><\/tr><tr><td>57<\/td><td>Ministeck Puzzle<\/td><td>1276<\/td><\/tr><tr><td>58<\/td><td>Ministeck Puzzle<\/td><td>3319<\/td><\/tr><tr><td>59<\/td><td>Autozubeh\u00f6r von VW und Audi, z.B: Sporttasche,&nbsp;&nbsp; Picknickdecke,<\/td><td>941<\/td><\/tr><tr><td>60<\/td><td>Autozubeh\u00f6r von VW und Audi, z.B: Sporttasche,&nbsp;&nbsp; Picknickdecke,<\/td><td>2801<\/td><\/tr><tr><td>61<\/td><td>Autozubeh\u00f6r von VW und Audi, z.B: Sporttasche,&nbsp;&nbsp; Picknickdecke,<\/td><td>2968<\/td><\/tr><tr><td>62<\/td><td>Autozubeh\u00f6r von VW und Audi, z.B: Sporttasche,&nbsp;&nbsp; Picknickdecke,<\/td><td>158<\/td><\/tr><tr><td>63<\/td><td>Autozubeh\u00f6r von VW und Audi, z.B: Sporttasche,&nbsp;&nbsp; Picknickdecke,<\/td><td>1806<\/td><\/tr><tr><td>64<\/td><td>Adidas Give Aways<\/td><td>1301<\/td><\/tr><tr><td>65<\/td><td>Adidas Give Aways<\/td><td>2834<\/td><\/tr><tr><td>66<\/td><td>Adidas Give Aways<\/td><td>3406<\/td><\/tr><tr><td>67<\/td><td>Adidas Give Aways<\/td><td>540<\/td><\/tr><tr><td>68<\/td><td>Adidas Give Aways<\/td><td>2836<\/td><\/tr><tr><td>69<\/td><td>Adidas Give Aways<\/td><td>1098<\/td><\/tr><tr><td>70<\/td><td>Adidas Give Aways<\/td><td>2161<\/td><\/tr><tr><td>71<\/td><td>Adidas Give Aways<\/td><td>273<\/td><\/tr><tr><td>72<\/td><td>Adidas Give Aways<\/td><td>2196<\/td><\/tr><tr><td>73<\/td><td>Adidas Give Aways<\/td><td>613<\/td><\/tr><tr><td>74<\/td><td>Adidas Give Aways<\/td><td>362<\/td><\/tr><tr><td>75<\/td><td>Adidas Give Aways<\/td><td>2617<\/td><\/tr><tr><td>76<\/td><td>Adidas Give Aways<\/td><td>1629<\/td><\/tr><tr><td>77<\/td><td>Adidas Give Aways<\/td><td>3103<\/td><\/tr><tr><td>78<\/td><td>Adidas Give Aways<\/td><td>102<\/td><\/tr><tr><td>79<\/td><td>Glossybox von Glossybox.de<\/td><td>3246<\/td><\/tr><tr><td>80<\/td><td>Glossybox von Glossybox.de<\/td><td>1759<\/td><\/tr><tr><td>81<\/td><td>Glossybox von Glossybox.de<\/td><td>3183<\/td><\/tr><tr><td>82<\/td><td>Glossybox von Glossybox.de<\/td><td>1698<\/td><\/tr><tr><td>83<\/td><td>Glossybox von Glossybox.de<\/td><td>1534<\/td><\/tr><tr><td>84<\/td><td>Glossybox von Glossybox.de<\/td><td>329<\/td><\/tr><tr><td>85<\/td><td>Glossybox von Glossybox.de<\/td><td>197<\/td><\/tr><tr><td>86<\/td><td>Glossybox von Glossybox.de<\/td><td>2923<\/td><\/tr><tr><td>87<\/td><td>Glossybox von Glossybox.de<\/td><td>3091<\/td><\/tr><tr><td>88<\/td><td>Glossybox von Glossybox.de<\/td><td>2827<\/td><\/tr><tr><td>89<\/td><td>Glossybox von Glossybox.de<\/td><td>251<\/td><\/tr><tr><td>90<\/td><td>Glossybox von Glossybox.de<\/td><td>859<\/td><\/tr><tr><td>91<\/td><td>Glossybox von Glossybox.de<\/td><td>1420<\/td><\/tr><tr><td>92<\/td><td>Glossybox von Glossybox.de<\/td><td>464<\/td><\/tr><tr><td>93<\/td><td>Glossybox von Glossybox.de<\/td><td>903<\/td><\/tr><tr><td>94<\/td><td>Glossybox von Glossybox.de<\/td><td>2859<\/td><\/tr><tr><td>95<\/td><td>Glossybox von Glossybox.de<\/td><td>3157<\/td><\/tr><tr><td>96<\/td><td>Glossybox von Glossybox.de<\/td><td>2835<\/td><\/tr><tr><td>97<\/td><td>Glossybox von Glossybox.de<\/td><td>318<\/td><\/tr><tr><td>98<\/td><td>Glossybox von Glossybox.de<\/td><td>3242<\/td><\/tr><tr><td>99<\/td><td>Glossybox von Glossybox.de<\/td><td>3322<\/td><\/tr><tr><td>100<\/td><td>Glossybox von Glossybox.de<\/td><td>192<\/td><\/tr><tr><td>101<\/td><td>Glossybox von Glossybox.de<\/td><td>2673<\/td><\/tr><tr><td>102<\/td><td>Glossybox von Glossybox.de<\/td><td>1951<\/td><\/tr><tr><td>103<\/td><td>Glossybox von Glossybox.de<\/td><td>2780<\/td><\/tr><tr><td>104<\/td><td>Glossybox von Glossybox.de<\/td><td>469<\/td><\/tr><tr><td>105<\/td><td>Glossybox von Glossybox.de<\/td><td>2469<\/td><\/tr><tr><td>106<\/td><td>Glossybox von Glossybox.de<\/td><td>2044<\/td><\/tr><tr><td>107<\/td><td>Glossybox von Glossybox.de<\/td><td>406<\/td><\/tr><tr><td>108<\/td><td>Glossybox von Glossybox.de<\/td><td>801<\/td><\/tr><tr><td>109<\/td><td>Glossybox von Glossybox.de<\/td><td>1708<\/td><\/tr><tr><td>110<\/td><td>Glossybox von Glossybox.de<\/td><td>309<\/td><\/tr><tr><td>111<\/td><td>Glossybox von Glossybox.de<\/td><td>1649<\/td><\/tr><tr><td>112<\/td><td>Glossybox von Glossybox.de<\/td><td>2895<\/td><\/tr><tr><td>113<\/td><td>Glossybox von Glossybox.de<\/td><td>3275<\/td><\/tr><tr><td>114<\/td><td>Glossybox von Glossybox.de<\/td><td>1764<\/td><\/tr><tr><td>115<\/td><td>Glossybox von Glossybox.de<\/td><td>1537<\/td><\/tr><tr><td>116<\/td><td>Glossybox von Glossybox.de<\/td><td>1488<\/td><\/tr><tr><td>117<\/td><td>Glossybox von Glossybox.de<\/td><td>1812<\/td><\/tr><tr><td>118<\/td><td>Glossybox von Glossybox.de<\/td><td>828<\/td><\/tr><tr><td>119<\/td><td>Glossybox von Glossybox.de<\/td><td>3208<\/td><\/tr><tr><td>120<\/td><td>Glossybox von Glossybox.de<\/td><td>1302<\/td><\/tr><\/tbody><\/table>\n\n\n\n<p>Liste aktualisiert am 8. Juli 2019<\/p>\n\n\n\n<p>Ihre Ente hat gewonnen? herzlichen Gl\u00fcckwunsch.<\/p>\n\n\n\n<p>Abholung der Preise ist ab Dienstag den 9. Juli in der Praxis von<br>Dr. Michael Sauter<br>Karl Grillenberger Stra\u00dfe 1<br>90402 N\u00fcrnberg<br>jeweils von Montag bis Freitag 08:00 &#8211; 13:00 und Mo, Di und Do 14:00 bis 17:30 m\u00f6glich.<\/p>\n\n\n\n<p>Informationen zur Abholung: 0911\/2405959<\/p>\n\n\n\n<p>Vielen Dank an unsere Unterst\u00fctzer f\u00fcr die Bereitstellung der Preise und unserem Partner DLRG f\u00fcr die erneut tolle Zusammenarbeit.<\/p>\n\n\n\n<p>Bitte haben Sie Verst\u00e4ndnis das ein Gewinnanspruch nur durch Vorlage des Original Adoptionsscheines erfolgen kann.<br>Die Gewinne m\u00fcssen bis 30.&nbsp;Oktober abgeholt werden, bis dahin nicht eingetauschte Adoptionsscheine verlieren Ihre G\u00fcltigkeit.<\/p>\n\n\n\n<p>Sie haben Bilder gemacht?&nbsp; Wir w\u00fcrden uns \u00fcber eine Zusendung an:<a href=\"mailto:info@entencup.de\"> info@entencup.de<\/a> sehr freuen.<\/p>\n","protected":false},"excerpt":{"rendered":"<p>Der 9. N\u00fcrnberger Entencup ist beendet, die Gewinner stehen fest: Platznummer: Preis Adoptionsscheinnummer 1 Rundflug \u00fcber N\u00fcrnberg f\u00fcr 2 Personen,&nbsp;&nbsp; Pittroff GmbH &amp; Co. KG 3332 2 K\u00e4rcher Hochdruckreiniger Premium mit&nbsp;&nbsp; Zubeh\u00f6r&nbsp; ERNST M\u00dcLLER GMBH 647 3 ein Wochenende Audi Cabrio fahren, Feser&nbsp;&nbsp; Graf Gruppe 942 4 Damenhandtasche von Longchamp 1633 5 Sixt Gutschein ein [&hellip;]<\/p>\n","protected":false},"author":1,"featured_media":0,"parent":0,"menu_order":0,"comment_status":"closed","ping_status":"closed","template":"","meta":[],"_links":{"self":[{"href":"https:\/\/entencup.de\/index.php?rest_route=\/wp\/v2\/pages\/2057"}],"collection":[{"href":"https:\/\/entencup.de\/index.php?rest_route=\/wp\/v2\/pages"}],"about":[{"href":"https:\/\/entencup.de\/index.php?rest_route=\/wp\/v2\/types\/page"}],"author":[{"embeddable":true,"href":"https:\/\/entencup.de\/index.php?rest_route=\/wp\/v2\/users\/1"}],"replies":[{"embeddable":true,"href":"https:\/\/entencup.de\/index.php?rest_route=%2Fwp%2Fv2%2Fcomments&post=2057"}],"version-history":[{"count":3,"href":"https:\/\/entencup.de\/index.php?rest_route=\/wp\/v2\/pages\/2057\/revisions"}],"predecessor-version":[{"id":2061,"href":"https:\/\/entencup.de\/index.php?rest_route=\/wp\/v2\/pages\/2057\/revisions\/2061"}],"wp:attachment":[{"href":"https:\/\/entencup.de\/index.php?rest_route=%2Fwp%2Fv2%2Fmedia&parent=2057"}],"curies":[{"name":"wp","href":"https:\/\/api.w.org\/{rel}","templated":true}]}}