{"id":141,"date":"2011-05-23T13:25:22","date_gmt":"2011-05-23T13:25:22","guid":{"rendered":"http:\/\/entencup.de\/?page_id=141"},"modified":"2018-05-14T16:26:22","modified_gmt":"2018-05-14T14:26:22","slug":"haufig-gestellte-fragen","status":"publish","type":"page","link":"https:\/\/entencup.de\/?page_id=141","title":{"rendered":"H\u00e4ufig gestellte Fragen&#8230;"},"content":{"rendered":"<p><strong>Was<\/strong><\/p>\n<p>\u00bb\u00a0\u00a0\u00a0\u00a0\u00a0 Der \u00a0N\u00fcrnberger Lions-Entencup ist eine Initiative N\u00fcrnberger Lions Clubs.<\/p>\n<p>\u00bb\u00a0\u00a0\u00a0\u00a0\u00a0 Die schnellsten Renn-Enten gewinnen f\u00fcr ihren Paten attraktive Preise (siehe hier).<\/p>\n<p><strong>Wer<\/strong><\/p>\n<p>\u00bb\u00a0\u00a0\u00a0\u00a0\u00a0 Teilnehmer: Teilnahmeberechtigt ist jeder K\u00e4ufer eines oder m\u00f6glichst mehrerer Entenadoptionsscheine.<\/p>\n<p>\u00bb\u00a0\u00a0\u00a0\u00a0\u00a0 Organisation durch das Hilfswerk N\u00fcrnberger Lions Entencup e.V.<\/p>\n<p>\u00bb\u00a0\u00a0\u00a0\u00a0\u00a0 Sponsoren: siehe hier<\/p>\n<p><strong>Wie<\/strong><\/p>\n<p>\u00bb\u00a0\u00a0\u00a0\u00a0\u00a0 Sie kaufen an einem Lions-Verkaufsstand, z.B. am Renntag einen Entenadoptionsschein. Durch den Kauf\u00a0werden Sie Pate einer Renn-Ente. Jede unserer Renn-Enten tr\u00e4gt eine Nummer, die einer Adoptionsschein-Nummer entspricht. Dr\u00fccken Sie Ihrer Renn-Ente ganz fest die Daumen. Den Rest erledigen die Pegnitz, Ihre Renn-Ente und wir f\u00fcr Sie.<\/p>\n<p><strong>Wann und wo<\/strong><\/p>\n<p>\u00bb\u00a0\u00a0\u00a0\u00a0\u00a0 Am ersten Samstag im Juli um 14.00 Uhr schwimmen die Renn-Enten im sportlichen Wettkampf<\/p>\n<p>\u00bb\u00a0\u00a0\u00a0\u00a0\u00a0 von der Heubr\u00fccke bis zur \u201eLiebesinsel\u201c hinter der Fleischbr\u00fccke<\/p>\n<p>\u00bb\u00a0\u00a0\u00a0\u00a0\u00a0 den Streckenverlauf finden Sie <a title=\"Strecke\" href=\"http:\/\/entencup.de\/?page_id=45\">hier<\/a><\/p>\n<p>&nbsp;<\/p>\n<p>&nbsp;<\/p>\n<p>&nbsp;<\/p>\n<p>&nbsp;<\/p>\n<p>&nbsp;<\/p>\n","protected":false},"excerpt":{"rendered":"<p>Was \u00bb\u00a0\u00a0\u00a0\u00a0\u00a0 Der \u00a0N\u00fcrnberger Lions-Entencup ist eine Initiative N\u00fcrnberger Lions Clubs. \u00bb\u00a0\u00a0\u00a0\u00a0\u00a0 Die schnellsten Renn-Enten gewinnen f\u00fcr ihren Paten attraktive Preise (siehe hier). Wer \u00bb\u00a0\u00a0\u00a0\u00a0\u00a0 Teilnehmer: Teilnahmeberechtigt ist jeder K\u00e4ufer eines oder m\u00f6glichst mehrerer Entenadoptionsscheine. \u00bb\u00a0\u00a0\u00a0\u00a0\u00a0 Organisation durch das Hilfswerk N\u00fcrnberger Lions Entencup e.V. \u00bb\u00a0\u00a0\u00a0\u00a0\u00a0 Sponsoren: siehe hier Wie \u00bb\u00a0\u00a0\u00a0\u00a0\u00a0 Sie kaufen an einem Lions-Verkaufsstand, [&hellip;]<\/p>\n","protected":false},"author":1,"featured_media":0,"parent":0,"menu_order":0,"comment_status":"closed","ping_status":"closed","template":"","meta":[],"_links":{"self":[{"href":"https:\/\/entencup.de\/index.php?rest_route=\/wp\/v2\/pages\/141"}],"collection":[{"href":"https:\/\/entencup.de\/index.php?rest_route=\/wp\/v2\/pages"}],"about":[{"href":"https:\/\/entencup.de\/index.php?rest_route=\/wp\/v2\/types\/page"}],"author":[{"embeddable":true,"href":"https:\/\/entencup.de\/index.php?rest_route=\/wp\/v2\/users\/1"}],"replies":[{"embeddable":true,"href":"https:\/\/entencup.de\/index.php?rest_route=%2Fwp%2Fv2%2Fcomments&post=141"}],"version-history":[{"count":18,"href":"https:\/\/entencup.de\/index.php?rest_route=\/wp\/v2\/pages\/141\/revisions"}],"predecessor-version":[{"id":1955,"href":"https:\/\/entencup.de\/index.php?rest_route=\/wp\/v2\/pages\/141\/revisions\/1955"}],"wp:attachment":[{"href":"https:\/\/entencup.de\/index.php?rest_route=%2Fwp%2Fv2%2Fmedia&parent=141"}],"curies":[{"name":"wp","href":"https:\/\/api.w.org\/{rel}","templated":true}]}}